2 - 4/v) is divided by 10?
7
Let f(p) = p**2 + 12*p - 69. Calculate the remainder when f(-20) is divided by (-246)/(-8) + 2/8.
29
Let t(b) = 2*b - 4. Let v be t(-3). Let n(i) = -i**2 - 9*i. Let o be n(v). Calculate the remainder when 23 is divided by (0 + 12/o)*-5.
5
Suppose -3*o - 5*x = -97, o + 5*x - 63 = -o. What is the remainder when 473 is divided by o?
31
Let j(r) = 47*r - 78. Calculate the remainder when 30 is divided by j(2).
14
Let w(d) = d**3 + 2*d**2 - 2*d + 1. Let z be w(-2). Calculate the remainder when 156 is divided by (-268)/(-5) - 3/z.
50
Suppose 5*a - 3*v - 213 = 3*a, 0 = -3*a - 4*v + 311. Suppose m = 5*q - a, -q - 2*q + 5*m = -41. What is the remainder when 42 is divided by q?
20
Let r be (-2 - 0) + (-34)/(-1). Let b = 154 + -108. Calculate the remainder when b is divided by (6/8)/(2/r).
10
Suppose -k - f + 29 = -2, -2*f = -4*k + 136. What is the remainder when 63 is divided by k?
30
Suppose 4*d + 0*u - 5*u = -62, 2*d = -4*u - 44. Let r be (-81 - 3)/3 - 0. Calculate the remainder when r/126 + (-238)/d is divided by 5.
3
Let g = 118 + -65. Calculate the remainder when g is divided by 21.
11
Let a(h) = -h + 10. Let d be a(8). Suppose -2*s - d = -0*s. Let w = s + 3. Calculate the remainder when 4 is divided by w.
0
Suppose 238 = 4*m + 9*l - 11*l, 0 = 4*m + 4*l - 208. Calculate the remainder when 263 is divided by m.
35
Let u = 777 - 752. What is the remainder when 65 is divided by u?
15
Let j(v) = -v**2 - 10*v. Let i = 34 + -37. What is the remainder when j(i) is divided by 9?
3
Suppose -5*c - 30 = -4*z + 210, 341 = 5*z + 4*c. Let d = -6588 + 6623. Calculate the remainder when z is divided by d.
30
Let y = -6 - -9. Calculate the remainder when (2 + -2)/2 - -12 is divided by (4 + 24/(-9))*y.
0
Let b = 4943 + -4910. Let g = 162 - 32. Calculate the remainder when g is divided by b.
31
Let a = 17 - -8. Let s(j) = -6*j**2 - 5*j - 4. Let p(y) = -18*y**2 - 16*y - 12. Let i(c) = 2*p(c) - 7*s(c). What is the remainder when i(-3) is divided by a?
24
Suppose -2*q = -5*l + 21, q + 10*l = 11*l - 3. Suppose -4*c - 2*m = -8, -2*m = 2*c + 3*m - 4. What is the remainder when q is divided by c?
0
Suppose -5*b - 98 = -6*z + 2*z, 0 = 2*z - 4*b - 46. Let r = 51 - z. Calculate the remainder when 70 is divided by r.
22
Let p = -319 + 605. What is the remainder when p is divided by 23?
10
Let x(f) = -5*f + 15. Calculate the remainder when 642 is divided by x(0).
12
Suppose 0 = -65*n + 24*n + 5904. What is the remainder when n is divided by 14?
4
Suppose x + 32 = 2*a - 63, -4*x + 115 = 3*a. Calculate the remainder when 164 is divided by a.
29
Suppose -2*b + m + 76 = 0, 2*b - m - 100 = -6*m. Let p = 65 - 58. Calculate the remainder when b is divided by p.
5
Let p be 2 + 1 + 2*57. Let u = p + -37. Suppose 0 = -2*i + 2*g + 36, -3*i + g = 6*g - 78. What is the remainder when u is divided by i?
17
Let a be (-30)/(-20)*76/(-6). Let c = 15 + a. Let b(u) = -2*u - 2. Calculate the remainder when 21 is divided by b(c).
3
Suppose -19 = 2*w - b, 2*b - 29 + 11 = 2*w. Let u = 38 + -22. What is the remainder when u is divided by 4/w + (-192)/(-30)?
4
Suppose 990 + 756 = 18*l. What is the remainder when l is divided by 20?
17
Let v = -517 + 527. Calculate the remainder when 245 is divided by v.
5
Suppose -3*f + 637 = 4*v - 2986, 2*f - 2421 = 3*v. Calculate the remainder when f is divided by 101.
98
Suppose -3*t - 13*x + 84 = -10*x, -4*t + 2*x = -130. Let g = -29 + 89. What is the remainder when g is divided by t?
29
Let t(m) = 5*m + m - m - 4*m + 8. Let h be t(-13). Calculate the remainder when 70 is divided by (-9)/(-6)*(h - -17).
16
Suppose 71 = 5*i - 4*l, -2*l - 48 = -3*i - 7. Suppose 0 = 4*b - 45 - i. What is the remainder when ((-4)/(-10))/((-2)/(-200)) is divided by b?
12
Let r(b) = b**3 + 11*b**2 + b + 15. Calculate the remainder when 27 is divided by r(-11).
3
Let a(m) = 5*m + 5 - m**3 + 3 - 4*m. Let x be ((-1)/(-3)*0)/(-3). Calculate the remainder when a(x) is divided by 5.
3
Let b = 10 + -8. What is the remainder when b + (-1)/(-2)*-2 is divided by 1?
0
Let c = 28 + -24. Suppose i - 2*x - 8 = 0, -4*x + 2 = c*i - 5*i. Calculate the remainder when 33 is divided by i.
15
Let k(l) = -l**3 + 2*l**2 + 15*l + 9. Calculate the remainder when 51 is divided by k(5).
6
Calculate the remainder when (27/6)/((-2)/(-44)) is divided by (225/54)/((-2)/(-12)).
24
Let o = -165 + 185. Calculate the remainder when o is divided by 9.
2
Let g be 12/2*(-2 - -1). Let s(n) = -n**3 - n**2 - n + 33. What is the remainder when s(0) is divided by (-56)/(-3) - (-4)/g?
15
Let j(m) = 10*m**2 + 19*m + 65. Calculate the remainder when j(-5) is divided by 20.
0
Let x = 32 - 27. Suppose x = 2*h - h. Suppose 12 = 4*d - 0*d. What is the remainder when h is divided by d?
2
Let f = 23 - 9. Suppose 0 = -0*k + 3*k. Suppose -5*l + 77 + 198 = k. What is the remainder when l is divided by f?
13
Suppose -2*a + 11 = -a. Let t = 80 - 43. Suppose 33*r + 72 = t*r. Calculate the remainder when r is divided by a.
7
Let d = -1545 - -1591. What is the remainder when 93 is divided by d?
1
Let i(j) = 3*j**3 + j**2 + 4*j - 18. What is the remainder when i(4) is divided by 18?
8
Let h = -8 - -98. What is the remainder when 62/9 + 10/h is divided by 3?
1
Suppose 0 = 4*k - 5*s + 100, -2*k - 5*s = 4 + 46. Let b = k + 41. Calculate the remainder when 31 is divided by b.
15
Let z(y) = -49*y - 136. Calculate the remainder when 84 is divided by z(-3).
7
Let c be 2/3*102/(-4). Let i(r) = r**2 + 16*r + 17. What is the remainder when i(c) is divided by 9?
7
Suppose 12*k = 17*k - 15. Suppose 5*h - 2*d = 1086, 2*h - 220 = -k*d + 222. What is the remainder when h is divided by 11?
9
Let k(i) = 27*i - 627. Calculate the remainder when k(26) is divided by 27.
21
Suppose -2*d + 15 = 3*d, 0 = b - 2*d + 14. Let a(j) = -j**2 - 12*j - 17. What is the remainder when 58 is divided by a(b)?
13
Suppose 16 = 3*q - 11. Suppose -6*b + q = -3*b. Suppose 0 = 4*d + b*i - 15, -2*d - 5*i + 3 = 6. What is the remainder when 17 is divided by d?
5
Let t be (105/6)/(-7)*8/(-10). Suppose 3*q = -4*p + 8, -5*p - 2*q + 6 = -t*p. Calculate the remainder when 16 is divided by p.
0
Let y(p) = 2*p**3 - 10*p**2 + 14*p + 2. Calculate the remainder when y(5) is divided by 20.
12
Let v be 6/5*(-550)/(-33). Suppose 0 = h + 6 - 53. Let f = h - v. Calculate the remainder when f is divided by 15.
12
Suppose -202 = -11*w - 15. Suppose 0 = 18*v - w*v - 54. Calculate the remainder when v is divided by 13.
2
Let c(u) = 2*u + 48. Calculate the remainder when c(-4) is divided by 16.
8
Suppose 9*d = 4*d + 65. Let r be -6*(-4)/6*(-14)/28. Let g = d - r. What is the remainder when 72 is divided by g?
12
Let u(s) = 5*s**2 - 80*s + 23. Calculate the remainder when 2757 is divided by u(16).
20
What is the remainder when 27 - 21 - 37*-2 is divided by 42?
38
Let w(y) = -2*y**2 - 25*y - 6. Let b be w(-12). Suppose -5*d - 30 = -3*r, -r + 5*d = -b*r + 50. What is the remainder when 19 is divided by r?
9
Suppose 3*t + 4*b = 78, 0 = -6*t + 7*t + 3*b - 26. What is the remainder when 54 is divided by t?
2
Let v(b) = -35*b - 22. Calculate the remainder when v(-2) is divided by 17.
14
Let w = -203 - -243. What is the remainder when 154 is divided by w?
34
Suppose 3 = 7*h - 8*h. Let v = h + 5. Suppose 0 = r - v - 8. Calculate the remainder when 39 is divided by r.
9
Let q(m) = 35*m + 2151. Let i = 42 + -20. What is the remainder when q(-59) is divided by i?
20
Suppose 5*x + 40 = 5*y, 5*y - x - 28 = 16. Calculate the remainder when 350 is divided by y.
8
Calculate the remainder when (3227/(-21) + -4)/((-2)/6) is divided by 34.
31
Let m = 9 + 18. Suppose -23 = d + m. What is the remainder when 16 is divided by d/(-5) + 0 + -1?
7
Suppose n - f = -2, 14 = f + 10. What is the remainder when 31 is divided by n?
1
Suppose -z + 3*d = -67, z + d + 11 = 82. What is the remainder when z is divided by 12?
10
Let a = -420 + 508. Calculate the remainder when a is divided by 51.
37
Let d = -311 + 351. Let g(n) = -n + 21. What is the remainder when d is divided by g(0)?
19
Let h(s) = -2*s + 22. Let b be h(0). Let q = b + -31. Calculate the remainder when 2/q + 1660/18 is divided by 31.
30
Let n = 842 - 755. Calculate the remainder when n is divided by 25.
12
Suppose -44 + 177 = 7*u. What is the remain